-28 + o. Calculate the remainder when 27 is divided by j.
6
Let t(u) = u**3 + 8*u**2 - u - 1. Calculate the remainder when t(-8) is divided by 4.
3
Let k(j) = -9*j - 3. Let o be k(-3). Suppose 0 = 4*m - 8*m + o. Calculate the remainder when 10 is divided by m.
4
Let y be (3 - 2)/((-4)/(-20)). Suppose 3*p + y*d = p + 7, 2*p + 3*d - 9 = 0. Calculate the remainder when 10 is divided by p.
4
Let d = -33 + 74. Calculate the remainder when d is divided by 15.
11
Let j(r) = -4 + 6*r + 0 + 5 - r**2 - 3*r - 6*r**3. Calculate the remainder when j(-2) is divided by 20.
19
Let j = 20 - 14. Calculate the remainder when j is divided by 4.
2
Let z(x) = -2*x - 1. Let s(b) = -b - 4. Let t be s(0). Let m = -99 + 103. What is the remainder when z(t) is divided by m?
3
Let v(a) be the second derivative of -13*a**3/2 + 4*a. What is the remainder when v(-1) is divided by -50*(-2 + 16/10)?
19
Suppose 0 = -5*s + 2*s + 2*u + 159, 4*s - u - 212 = 0. Calculate the remainder when s is divided by 19.
15
Suppose 0*k + 3*k - 30 = 0. Let q = -6 - -35. What is the remainder when q is divided by k?
9
Let k be ((-13)/3)/(5/(-30)). Let g = -13 + k. Suppose 41 - 3 = i. What is the remainder when i is divided by g?
12
Suppose 0 = 3*m + 11 - 32. Calculate the remainder when 34 is divided by m.
6
Let x = 11 - 5. Let w(q) = 16*q**2 + q. Let a be w(-1). Suppose 6 = -3*b + a. What is the remainder when x is divided by b?
0
Let s(w) = -7*w**2 - 5*w + 7. Let d(g) = -g**2 + g - 1. Let m(v) = -6*d(v) + s(v). What is the remainder when 89 is divided by m(-10)?
20
Let b = -13 - -16. Calculate the remainder when 3 is divided by b.
0
Suppose 2*f - 4 = -o, 4 = -2*o - 5*f + 12. Suppose 0 = 3*g + o*r - 39, 2*g - 4*g + 33 = 5*r. What is the remainder when 6/g - (-30)/9 is divided by 3?
1
Suppose -4*v + 216 - 52 = 0. What is the remainder when v is divided by 14?
13
Suppose 0 = 3*i - 56 - 31. Let h = 19 + -4. What is the remainder when i is divided by h?
14
Let j(r) = -6 + 2*r**2 - 3*r + 2 + 1. What is the remainder when 42 is divided by j(-2)?
9
Suppose -3*k - 7 + 25 = 0. What is the remainder when k is divided by 4?
2
Let p(y) = -y**3 - 7*y**2 + 7*y + 2. Let w(x) = -x**2 + 2*x + 19. What is the remainder when w(0) is divided by p(-8)?
9
Let p = 36 - 10. What is the remainder when p is divided by 18/(-5)*(-5)/2?
8
Calculate the remainder when 98 is divided by 22*(2 + 12/(-8)).
10
Suppose -i + 12 = -d + 4, -3*i + 24 = 4*d. Calculate the remainder when 38 is divided by i.
6
Let z(s) = -s**2 - 23*s + 50. Calculate the remainder when z(-22) is divided by 19.
15
Let p(w) = 49*w + 1. Let t(y) = -2*y - 3. Calculate the remainder when p(1) is divided by t(-8).
11
Let n be -18*3/(-27)*3. What is the remainder when 5 is divided by (-10)/35*(-1 - n)?
1
Let j = 204 + -94. What is the remainder when j is divided by 38?
34
Let f(j) = -j**3 + 19*j**2 - 16*j - 14. Let o = 12 - -30. What is the remainder when o is divided by f(18)?
20
Let l = 47 + -17. Suppose l = -4*o + 94. What is the remainder when 29 is divided by o?
13
Suppose 0 = -2*k + 212 - 2. Calculate the remainder when k is divided by 27.
24
Let o be (-217)/(-2) - (-4)/(-8). Suppose 4*k = 3*x - x + 22, 3*k - 3*x = 15. Calculate the remainder when o/11 + 8/44 is divided by k.
4
Suppose -2 - 7 = -3*c. Suppose -m = 3*m + c*d - 21, m + 3*d + 6 = 0. What is the remainder when m is divided by 6?
3
Let j be ((-2)/(-6))/((-4)/24). Let f be (-2 - j)*(1 - 0). Suppose f*o + o = 39. Calculate the remainder when o is divided by 14.
11
Suppose -1 - 24 = -5*o. Suppose t + 0 = o. Suppose t*g - 54 = -5*m + 51, -g - 3*m + 23 = 0. Calculate the remainder when g is divided by 7.
6
Let o = 23 + 8. What is the remainder when o is divided by 11?
9
Let u = -4 - -30. Calculate the remainder when 102 is divided by u.
24
Let n be (-3 - -1)*6/4. Suppose -5*t + 16 = -4*t + d, 0 = -4*t - 2*d + 62. What is the remainder when 10/t - 49/n is divided by 9?
8
Let b be (0 - 1) + 4 + -1. Calculate the remainder when (18/4)/(b/24) is divided by 14.
12
Let q(u) = -u**2 - 4*u + 17. What is the remainder when 33 is divided by q(0)?
16
Calculate the remainder when 33 is divided by (-2)/1*18/(-4).
6
Let u = 22 - 13. Suppose u = 3*g, -2*n - 4*g = -48 - 6. Calculate the remainder when n is divided by 11.
10
Let p be ((-2)/6)/(3/(-18)). Suppose -p*n - n + 150 = 0. What is the remainder when n is divided by 17?
16
Calculate the remainder when -3 + 0 - 306/(-3) is divided by 25.
24
Let w be (-16)/1*2/(-4). Let o = 0 + -1. Let f = w + o. What is the remainder when f is divided by 4?
3
Let y = 7 + -5. Let x be (-3)/(-6)*(-4)/y. What is the remainder when 40 is divided by (-14)/(-2)*(x + 3)?
12
What is the remainder when 69 is divided by (-8)/5 + 2 + 1230/50?
19
Calculate the remainder when 28 is divided by (0 - 3)*(-6 - -1).
13
Let w(s) = -s**3 + 8*s**2 - 2*s. Let a be w(7). Let v = -18 + a. What is the remainder when v is divided by 9?
8
Suppose -3*b + 2*u = -18, -2*u - 1 = -b - 3*u. Suppose -b*d - 4*z = -36, -4*z + 7*z = 3*d + 3. Calculate the remainder when 6 is divided by d.
2
Suppose -23 = -4*z + 25. Suppose 0 = 4*g - 0*g - c - 135, -g = 3*c - 50. What is the remainder when g is divided by z?
11
Let b be 4/14 + (-76)/(-28). Let h = b + 1. What is the remainder when 1*17 + -6 + h is divided by 8?
7
Let s(u) = 8*u - 1. Let b(f) = -2*f. Let i(x) = 26*b(x) + 6*s(x). Calculate the remainder when i(-3) is divided by 4.
2
Suppose 6*l - 21 = 69. Calculate the remainder when 85 is divided by l.
10
Let w(u) = -u**2 + 7*u + 9. Let t(j) = j**3 + 5*j**2 + j + 2. Calculate the remainder when t(-3) is divided by w(7).
8
Suppose 0 = 8*b - 13*b + 55. What is the remainder when 21 is divided by b?
10
Let l(y) = y**2 - 4*y - 28. Let r(q) = q**2 - 5*q - 29. Let b(j) = -6*l(j) + 5*r(j). Let a = 2 - -4. What is the remainder when b(0) is divided by a?
5
Let b(d) = -d**3 + 11*d**2 - 10*d + 1. Let w be b(10). Let v = 63 + w. What is the remainder when v is divided by 3*11*(-2)/(-3)?
20
Let n be 15/25*(5 - 0). Suppose -6*q = 5*g - n*q - 52, 3*g = -4*q + 29. What is the remainder when 21 is divided by g?
10
Let t be (6*(-16)/(-12))/2. Suppose -t*r = -5*r + 4, -2*s + 30 = 2*r. What is the remainder when 31 is divided by s?
9
Calculate the remainder when 7 is divided by 3 + 0/1 + -1.
1
Let z(g) = -4 - 4 - 5*g - g**2 + 15. Let s be z(-6). Calculate the remainder when 8 is divided by -3 + s + (2 - -3).
2
Suppose y + 2*y = -5*l + 7, 4*y = -2*l. Suppose 2*g - 4 = -2*u + 3*g, 0 = -g. Calculate the remainder when l is divided by u.
0
Let k = 9 + -4. Suppose -y + k*y = -44. Calculate the remainder when 26 is divided by 2/y - 237/(-33).
5
Suppose 0 = -p + 4*b - 15, 4*p - b - b = -4. Suppose 5*v + 28 = 38. Calculate the remainder when v is divided by p.
0
Let k(y) = -17*y + 1. Let t be k(-1). What is the remainder when 25 is divided by 415/45 - 4/t?
7
Let j be (6/8)/(1/72). Suppose 0 = 5*k + x - j, 0 = -0*k + 2*k + 3*x - 19. Calculate the remainder when 32 is divided by k.
10
Let y(d) = 10*d**3 + d - 1. What is the remainder when 36 is divided by y(1)?
6
Let j(m) be the third derivative of 5*m**4/24 - m**3 - 3*m**2. What is the remainder when 56 is divided by j(5)?
18
Let j(i) = -i**2 + 7*i - 7. Let w be j(5). Suppose 3*v = -4*b + 176, 2*v = -w*b + 5*v + 111. What is the remainder when b is divided by 14?
13
Suppose 2*s - n - 94 = 0, 5*n = -4*s + 227 - 39. Calculate the remainder when s is divided by 14.
5
Let j(w) = -4*w**2 - 4*w**3 + 6*w**3 + 4 - 2 + 2*w - 1. What is the remainder when 8 is divided by j(2)?
3
Suppose 0 = t - 2 - 7. Let r = 0 + 0. Suppose v - g = -3*v + 23, r = -3*g - t. What is the remainder when 8 is divided by v?
3
Let b(a) = a - 14. Let v be b(8). Let h = v + 12. Let g = 21 - h. What is the remainder when 28 is divided by g?
13
Let g = 34 + -10. Let j = 53 - g. Calculate the remainder when j is divided by 10.
9
Suppose 0 = -2*d - 2*d + 44. What is the remainder when d is divided by 8*(-2)/8*-2?
3
Suppose -12 = -3*o + 3. Suppose u - 25 = o*g, 3*g = -3*u - 0*g + 57. Let l = 10 + -3. Calculate the remainder when u is divided by l.
6
Let r = 17 - 11. Let b(d) = d**3 - 5*d**2 - 3*d + 6. What is the remainder when 94 is divided by b(r)?
22
Let a(b) = 6*b**2 + 4*b - 1. Calculate the remainder when a(-2) is divided